{"id":2314,"date":"2025-02-01T10:54:46","date_gmt":"2025-02-01T10:54:46","guid":{"rendered":"https:\/\/jurgeneit.de\/?page_id=2314"},"modified":"2025-03-18T20:16:32","modified_gmt":"2025-03-18T20:16:32","slug":"starsteite","status":"publish","type":"page","link":"https:\/\/jurgeneit.de\/","title":{"rendered":"Startseite 2025"},"content":{"rendered":"<p>[et_pb_section fb_built=&#8220;1&#8243; admin_label=&#8220;Slider&#8220; _builder_version=&#8220;4.16&#8243; _module_preset=&#8220;default&#8220; background_image=&#8220;https:\/\/jurgeneit.de\/wp-content\/uploads\/2021\/05\/Stagediving-BG-opt.jpg&#8220; custom_margin=&#8220;76px||||false|false&#8220; custom_margin_tablet=&#8220;0px||||false|false&#8220; custom_margin_phone=&#8220;0px||||false|false&#8220; custom_margin_last_edited=&#8220;on|tablet&#8220; saved_tabs=&#8220;all&#8220; locked=&#8220;off&#8220; collapsed=&#8220;off&#8220; global_colors_info=&#8220;{}&#8220;][et_pb_row admin_label=&#8220;Zeile&#8220; _builder_version=&#8220;4.16&#8243; _module_preset=&#8220;default&#8220; background_enable_image=&#8220;off&#8220; module_alignment=&#8220;center&#8220; min_height=&#8220;480px&#8220; custom_margin=&#8220;||||false|false&#8220; custom_margin_tablet=&#8220;0px||||false|false&#8220; custom_margin_phone=&#8220;&#8220; custom_margin_last_edited=&#8220;on|phone&#8220; custom_padding=&#8220;0px||0px||false|false&#8220; animation_direction=&#8220;top&#8220; custom_css_main_element=&#8220;display:flex;||align-items:center;&#8220; global_colors_info=&#8220;{}&#8220;][et_pb_column type=&#8220;4_4&#8243; _builder_version=&#8220;4.16&#8243; _module_preset=&#8220;default&#8220; global_colors_info=&#8220;{}&#8220;][et_pb_text admin_label=&#8220;Text&#8220; _builder_version=&#8220;4.16&#8243; _module_preset=&#8220;19a28e70-3b2e-4065-bda4-2fd86e6f952d&#8220; animation_duration=&#8220;900ms&#8220; global_colors_info=&#8220;{}&#8220;]<\/p>\n<h2>Nicht heute, lieber morgen<br aria-hidden=\"true\" \/>Nicht heute, lieber irgendwann (ooh-oh-oh)<br aria-hidden=\"true\" \/>Ich wei\u00df wo ich dich finde (ooh-oh-oh)<br aria-hidden=\"true\" \/>Ich wei\u00df wo ich dich finde<\/h2>\n<p>Massendefekt[\/et_pb_text][\/et_pb_column][\/et_pb_row][et_pb_row _builder_version=&#8220;4.16&#8243; _module_preset=&#8220;default&#8220; background_color=&#8220;RGBA(0,0,0,0)&#8220; width=&#8220;100%&#8220; max_width=&#8220;100%&#8220; custom_margin=&#8220;0px|auto||auto|false|false&#8220; custom_margin_tablet=&#8220;0px||||false|false&#8220; custom_margin_phone=&#8220;&#8220; custom_margin_last_edited=&#8220;on|phone&#8220; custom_padding=&#8220;0px||0px||false|false&#8220; animation_direction=&#8220;top&#8220; custom_css_main_element=&#8220;display:flex;||align-items: flex-end;&#8220; global_colors_info=&#8220;{}&#8220;][et_pb_column type=&#8220;4_4&#8243; _builder_version=&#8220;4.16&#8243; _module_preset=&#8220;default&#8220; global_colors_info=&#8220;{}&#8220;][et_pb_image src=&#8220;https:\/\/jurgeneit.de\/wp-content\/uploads\/2021\/01\/grunge-border-xl.png&#8220; title_text=&#8220;grunge-border-xl&#8220; align=&#8220;center&#8220; _builder_version=&#8220;4.16&#8243; _module_preset=&#8220;default&#8220; z_index=&#8220;25&#8243; custom_margin=&#8220;0px||0px||false|false&#8220; custom_margin_tablet=&#8220;||||false|false&#8220; custom_margin_phone=&#8220;0px||||false|false&#8220; custom_margin_last_edited=&#8220;on|tablet&#8220; custom_padding=&#8220;0px||0px||false|false&#8220; global_colors_info=&#8220;{}&#8220;][\/et_pb_image][\/et_pb_column][\/et_pb_row][\/et_pb_section][et_pb_section fb_built=&#8220;1&#8243; _builder_version=&#8220;4.9.1&#8243; _module_preset=&#8220;default&#8220; global_module=&#8220;742&#8243; saved_tabs=&#8220;all&#8220; locked=&#8220;off&#8220; global_colors_info=&#8220;{}&#8220;][et_pb_row _builder_version=&#8220;4.16&#8243; _module_preset=&#8220;default&#8220; scroll_scaling=&#8220;0|50|50|100|80%|100|100&#8243; global_colors_info=&#8220;{}&#8220;][et_pb_column type=&#8220;4_4&#8243; _builder_version=&#8220;4.17.6&#8243; _module_preset=&#8220;default&#8220; global_colors_info=&#8220;{}&#8220;][et_pb_text _builder_version=&#8220;4.17.0&#8243; _module_preset=&#8220;408a3e4d-4e3c-4ced-8219-73d6e82297bb&#8220; width=&#8220;100%&#8220; custom_padding=&#8220;5px|||||&#8220; global_colors_info=&#8220;{}&#8220;]<\/p>\n<h1><b>Wo Ihr mich findet.<\/b><\/h1>\n<p>Ich bin weitergezogen und unterst\u00fctze ab sofort das Team von https:\/\/www.dein-freeway.de\/.\u00a0<\/p>\n<p>F\u00fcr Einzelanfragen bin ich auch weiterhin erreichbar \u00fcber imke@jurgeneit.de\u00a0<\/p>\n<p>&nbsp;<\/p>\n<h3><strong>Vielen Dank an alle, mit denen ich auf meinem bisherigen Weg zusammenarbeiten durfte! <\/strong><\/h3>\n<p>[\/et_pb_text][\/et_pb_column][\/et_pb_row][\/et_pb_section][et_pb_section fb_built=&#8220;1&#8243; _builder_version=&#8220;4.16&#8243; _module_preset=&#8220;default&#8220; global_colors_info=&#8220;{}&#8220;][et_pb_row _builder_version=&#8220;4.16&#8243; _module_preset=&#8220;default&#8220; width=&#8220;100%&#8220; max_width=&#8220;100%&#8220; global_colors_info=&#8220;{}&#8220;][et_pb_column type=&#8220;4_4&#8243; _builder_version=&#8220;4.16&#8243; _module_preset=&#8220;default&#8220; global_colors_info=&#8220;{}&#8220;][et_pb_image src=&#8220;https:\/\/jurgeneit.de\/wp-content\/uploads\/2021\/05\/secret-is-to-begin-opt.jpg&#8220; title_text=&#8220;secret-is-to-begin-opt&#8220; force_fullwidth=&#8220;on&#8220; src_tablet=&#8220;https:\/\/jurgeneit.de\/wp-content\/uploads\/2021\/03\/secret-is-to-begin-tablet@2x.jpg&#8220; src_phone=&#8220;https:\/\/jurgeneit.de\/wp-content\/uploads\/2021\/03\/secret-is-to-begin-mobile@2x.jpg&#8220; src_last_edited=&#8220;on|phone&#8220; _builder_version=&#8220;4.16&#8243; _module_preset=&#8220;default&#8220; global_colors_info=&#8220;{}&#8220;][\/et_pb_image][\/et_pb_column][\/et_pb_row][\/et_pb_section][et_pb_section fb_built=&#8220;1&#8243; custom_padding_last_edited=&#8220;on|tablet&#8220; admin_label=&#8220;Sektion&#8220; _builder_version=&#8220;4.16&#8243; _module_preset=&#8220;default&#8220; custom_padding=&#8220;120px||120px||false|false&#8220; custom_padding_tablet=&#8220;60px||60px||false|false&#8220; custom_padding_phone=&#8220;&#8220; locked=&#8220;off&#8220; global_colors_info=&#8220;{}&#8220;][et_pb_row column_structure=&#8220;1_4,3_4&#8243; _builder_version=&#8220;4.16&#8243; _module_preset=&#8220;default&#8220; global_colors_info=&#8220;{}&#8220;][et_pb_column type=&#8220;1_4&#8243; _builder_version=&#8220;4.16&#8243; _module_preset=&#8220;default&#8220; global_colors_info=&#8220;{}&#8220; custom_css_main_element_last_edited=&#8220;on|phone&#8220;][et_pb_image src=&#8220;https:\/\/jurgeneit.de\/wp-content\/uploads\/2021\/01\/imke-jurgeneit-200&#215;300.jpg&#8220; title_text=&#8220;imke-jurgeneit&#8220; align=&#8220;center&#8220; _builder_version=&#8220;4.17.0&#8243; _module_preset=&#8220;default&#8220; max_width=&#8220;100%&#8220; max_width_tablet=&#8220;100%&#8220; max_width_phone=&#8220;80%&#8220; max_width_last_edited=&#8220;on|tablet&#8220; max_height=&#8220;350px&#8220; custom_margin=&#8220;60px||30px||false|false&#8220; global_colors_info=&#8220;{}&#8220;][\/et_pb_image][\/et_pb_column][et_pb_column type=&#8220;3_4&#8243; _builder_version=&#8220;4.16&#8243; _module_preset=&#8220;default&#8220; global_colors_info=&#8220;{}&#8220;][et_pb_text admin_label=&#8220;Text&#8220; _builder_version=&#8220;4.17.0&#8243; _module_preset=&#8220;408a3e4d-4e3c-4ced-8219-73d6e82297bb&#8220; custom_margin=&#8220;||30px||false|false&#8220; global_colors_info=&#8220;{}&#8220;]<\/p>\n<h2>\u00dcber mich. Mit Punk im Herzen.<\/h2>\n<p>Schon immer fand ich es spannend, Gruppen zu beobachten und zu verstehen. Die Zusammenarbeit Einzelner wertebasiert auszurichten und einen Ort mit hoher psychologischer Sicherheit zu schaffen, hat sich zu meinem Herzensthema entwickelt. Wertsch\u00e4tzung und Vertrauen zu verbreiten, bleibt meine Mission. Verantwortung zu schaffen mein Ziel.[\/et_pb_text][et_pb_text _builder_version=&#8220;4.17.6&#8243; _module_preset=&#8220;default&#8220; global_colors_info=&#8220;{}&#8220;]<\/p>\n<p>Ich habe schon einige berufliche Stationen in meinem Leben hinter mich gebracht. Und alle hatten eines gemeinsam: Ich habe aus ihnen gelernt. Was ich will und was ich nicht will. Was mir gut tut und was mich kaputt macht. Am meisten habe ich von den Menschen und mit den Menschen gelernt. F\u00fcr mich pers\u00f6nlich, aber auch f\u00fcr meine Teams. Die wertebasierte Zusammenarbeit und das Konzept der psychologischen Sicherheit sind mir dabei in den Jahren immer wichtiger geworden. Dass ich meine Leidenschaft als Business Coach und Trainerin nun zu meinem Beruf mache, l\u00e4sst einen lang gehegten Traum wahr werden.<\/p>\n<p>Und der Punk in mir? Der hilft mir, auch mal Nein zu sagen. Dagegen zu sein, wenn ich nicht daf\u00fcr sein kann. Ihnen zu erlauben Dinge richtig Sch**** zu finden. Emotionen zu wecken und stehen zu lassen.<\/p>\n<p>F\u00fcr einzelne Anfragen stehe ich weiterhin bereit. Ansonsten finden Sie mich ab sofort im Team von www.dein-freeway.de<\/p>\n<p>Ich freue mich auf Sie und Ihre Leidenschaft! <br \/>Imke Jurgeneit<\/p>\n<p>P.S.: Sie stehen auf formelle Auszeichnungen? Dann schauen Sie sich gern mein Profil auf XING oder LinkedIn an<\/p>\n<p>[\/et_pb_text][\/et_pb_column][\/et_pb_row][\/et_pb_section]<\/p>\n","protected":false},"excerpt":{"rendered":"<p>Nicht heute, lieber morgenNicht heute, lieber irgendwann (ooh-oh-oh)Ich wei\u00df wo ich dich finde (ooh-oh-oh)Ich wei\u00df wo ich dich finde MassendefektWo Ihr mich findet. Ich bin weitergezogen und unterst\u00fctze ab sofort das Team von https:\/\/www.dein-freeway.de\/.\u00a0 F\u00fcr Einzelanfragen bin ich auch weiterhin erreichbar \u00fcber imke@jurgeneit.de\u00a0 &nbsp; Vielen Dank an alle, mit denen ich auf meinem bisherigen Weg [&hellip;]<\/p>\n","protected":false},"author":2,"featured_media":0,"parent":0,"menu_order":0,"comment_status":"closed","ping_status":"closed","template":"","meta":{"_et_pb_use_builder":"on","_et_pb_old_content":"","_et_gb_content_width":"","inline_featured_image":false},"yoast_head":"<!-- This site is optimized with the Yoast SEO plugin v19.4 - https:\/\/yoast.com\/wordpress\/plugins\/seo\/ -->\n<title>Startseite 2025 - Imke Jurgeneit - Wertebasierte Zusammenarbeit<\/title>\n<meta name=\"description\" content=\"F\u00f6rdern Sie Zufriedenheit, Eigenst\u00e4ndigkeit und Leistung Ihres Teams durch eine wertebasierte Zusammenarbeit. Konkret. Authentisch. Sicher.\" \/>\n<meta name=\"robots\" content=\"index, follow, max-snippet:-1, max-image-preview:large, max-video-preview:-1\" \/>\n<link rel=\"canonical\" href=\"https:\/\/jurgeneit.de\/\" \/>\n<meta property=\"og:locale\" content=\"de_DE\" \/>\n<meta property=\"og:type\" content=\"article\" \/>\n<meta property=\"og:title\" content=\"Startseite 2025 - Imke Jurgeneit - Wertebasierte Zusammenarbeit\" \/>\n<meta property=\"og:description\" content=\"F\u00f6rdern Sie Zufriedenheit, Eigenst\u00e4ndigkeit und Leistung Ihres Teams durch eine wertebasierte Zusammenarbeit. Konkret. Authentisch. Sicher.\" \/>\n<meta property=\"og:url\" content=\"https:\/\/jurgeneit.de\/\" \/>\n<meta property=\"og:site_name\" content=\"Imke Jurgeneit\" \/>\n<meta property=\"article:modified_time\" content=\"2025-03-18T20:16:32+00:00\" \/>\n<meta name=\"twitter:card\" content=\"summary_large_image\" \/>\n<meta name=\"twitter:label1\" content=\"Gesch\u00e4tzte Lesezeit\" \/>\n\t<meta name=\"twitter:data1\" content=\"3\u00a0Minuten\" \/>\n<script type=\"application\/ld+json\" class=\"yoast-schema-graph\">{\"@context\":\"https:\/\/schema.org\",\"@graph\":[{\"@type\":\"WebSite\",\"@id\":\"https:\/\/jurgeneit.de\/#website\",\"url\":\"https:\/\/jurgeneit.de\/\",\"name\":\"Imke Jurgeneit\",\"description\":\"Coaching und Training\",\"potentialAction\":[{\"@type\":\"SearchAction\",\"target\":{\"@type\":\"EntryPoint\",\"urlTemplate\":\"https:\/\/jurgeneit.de\/?s={search_term_string}\"},\"query-input\":\"required name=search_term_string\"}],\"inLanguage\":\"de\"},{\"@type\":\"WebPage\",\"@id\":\"https:\/\/jurgeneit.de\/\",\"url\":\"https:\/\/jurgeneit.de\/\",\"name\":\"Startseite 2025 - Imke Jurgeneit - Wertebasierte Zusammenarbeit\",\"isPartOf\":{\"@id\":\"https:\/\/jurgeneit.de\/#website\"},\"datePublished\":\"2025-02-01T10:54:46+00:00\",\"dateModified\":\"2025-03-18T20:16:32+00:00\",\"description\":\"F\u00f6rdern Sie Zufriedenheit, Eigenst\u00e4ndigkeit und Leistung Ihres Teams durch eine wertebasierte Zusammenarbeit. Konkret. Authentisch. Sicher.\",\"breadcrumb\":{\"@id\":\"https:\/\/jurgeneit.de\/#breadcrumb\"},\"inLanguage\":\"de\",\"potentialAction\":[{\"@type\":\"ReadAction\",\"target\":[\"https:\/\/jurgeneit.de\/\"]}]},{\"@type\":\"BreadcrumbList\",\"@id\":\"https:\/\/jurgeneit.de\/#breadcrumb\",\"itemListElement\":[{\"@type\":\"ListItem\",\"position\":1,\"name\":\"Startseite\",\"item\":\"https:\/\/jurgeneit.de\/\"},{\"@type\":\"ListItem\",\"position\":2,\"name\":\"Startseite 2025\"}]}]}<\/script>\n<!-- \/ Yoast SEO plugin. -->","yoast_head_json":{"title":"Startseite 2025 - Imke Jurgeneit - Wertebasierte Zusammenarbeit","description":"F\u00f6rdern Sie Zufriedenheit, Eigenst\u00e4ndigkeit und Leistung Ihres Teams durch eine wertebasierte Zusammenarbeit. Konkret. Authentisch. Sicher.","robots":{"index":"index","follow":"follow","max-snippet":"max-snippet:-1","max-image-preview":"max-image-preview:large","max-video-preview":"max-video-preview:-1"},"canonical":"https:\/\/jurgeneit.de\/","og_locale":"de_DE","og_type":"article","og_title":"Startseite 2025 - Imke Jurgeneit - Wertebasierte Zusammenarbeit","og_description":"F\u00f6rdern Sie Zufriedenheit, Eigenst\u00e4ndigkeit und Leistung Ihres Teams durch eine wertebasierte Zusammenarbeit. Konkret. Authentisch. Sicher.","og_url":"https:\/\/jurgeneit.de\/","og_site_name":"Imke Jurgeneit","article_modified_time":"2025-03-18T20:16:32+00:00","twitter_card":"summary_large_image","twitter_misc":{"Gesch\u00e4tzte Lesezeit":"3\u00a0Minuten"},"schema":{"@context":"https:\/\/schema.org","@graph":[{"@type":"WebSite","@id":"https:\/\/jurgeneit.de\/#website","url":"https:\/\/jurgeneit.de\/","name":"Imke Jurgeneit","description":"Coaching und Training","potentialAction":[{"@type":"SearchAction","target":{"@type":"EntryPoint","urlTemplate":"https:\/\/jurgeneit.de\/?s={search_term_string}"},"query-input":"required name=search_term_string"}],"inLanguage":"de"},{"@type":"WebPage","@id":"https:\/\/jurgeneit.de\/","url":"https:\/\/jurgeneit.de\/","name":"Startseite 2025 - Imke Jurgeneit - Wertebasierte Zusammenarbeit","isPartOf":{"@id":"https:\/\/jurgeneit.de\/#website"},"datePublished":"2025-02-01T10:54:46+00:00","dateModified":"2025-03-18T20:16:32+00:00","description":"F\u00f6rdern Sie Zufriedenheit, Eigenst\u00e4ndigkeit und Leistung Ihres Teams durch eine wertebasierte Zusammenarbeit. Konkret. Authentisch. Sicher.","breadcrumb":{"@id":"https:\/\/jurgeneit.de\/#breadcrumb"},"inLanguage":"de","potentialAction":[{"@type":"ReadAction","target":["https:\/\/jurgeneit.de\/"]}]},{"@type":"BreadcrumbList","@id":"https:\/\/jurgeneit.de\/#breadcrumb","itemListElement":[{"@type":"ListItem","position":1,"name":"Startseite","item":"https:\/\/jurgeneit.de\/"},{"@type":"ListItem","position":2,"name":"Startseite 2025"}]}]}},"_links":{"self":[{"href":"https:\/\/jurgeneit.de\/index.php\/wp-json\/wp\/v2\/pages\/2314"}],"collection":[{"href":"https:\/\/jurgeneit.de\/index.php\/wp-json\/wp\/v2\/pages"}],"about":[{"href":"https:\/\/jurgeneit.de\/index.php\/wp-json\/wp\/v2\/types\/page"}],"author":[{"embeddable":true,"href":"https:\/\/jurgeneit.de\/index.php\/wp-json\/wp\/v2\/users\/2"}],"replies":[{"embeddable":true,"href":"https:\/\/jurgeneit.de\/index.php\/wp-json\/wp\/v2\/comments?post=2314"}],"version-history":[{"count":10,"href":"https:\/\/jurgeneit.de\/index.php\/wp-json\/wp\/v2\/pages\/2314\/revisions"}],"predecessor-version":[{"id":2360,"href":"https:\/\/jurgeneit.de\/index.php\/wp-json\/wp\/v2\/pages\/2314\/revisions\/2360"}],"wp:attachment":[{"href":"https:\/\/jurgeneit.de\/index.php\/wp-json\/wp\/v2\/media?parent=2314"}],"curies":[{"name":"wp","href":"https:\/\/api.w.org\/{rel}","templated":true}]}}